1 a factor of 1341285?
True
Is 932 a factor of 6240672?
True
Is 2053164 a multiple of 6?
True
Is 40 a factor of 173080?
True
Does 36 divide 143836?
False
Does 17 divide 92746?
False
Is 40788 a multiple of 36?
True
Does 1579 divide 6244945?
True
Does 21 divide 311220?
True
Is 9 a factor of 148750?
False
Is 224 a factor of 375608?
False
Is 10 a factor of 25850?
True
Is 5 a factor of 3934560?
True
Is 7 a factor of 59416?
True
Does 162 divide 620946?
True
Does 35 divide 3677275?
True
Is 6 a factor of 836046?
True
Is 426741 a multiple of 479?
False
Is 564586 a multiple of 14?
False
Is 351 a factor of 827732?
False
Is 6793814 a multiple of 162?
False
Is 1950104 a multiple of 2?
True
Is 26 a factor of 426713?
False
Does 720 divide 12570480?
True
Is 104 a factor of 401960?
True
Is 134575 a multiple of 54?
False
Is 261352 a multiple of 182?
True
Is 220 a factor of 1156320?
True
Is 2012964 a multiple of 84?
False
Is 3019283 a multiple of 42?
False
Does 10 divide 3220?
True
Is 6335620 a multiple of 530?
True
Is 23210 a multiple of 11?
True
Is 125 a factor of 70758?
False
Is 442355 a multiple of 14?
False
Does 472 divide 6944064?
True
Is 1772288 a multiple of 368?
True
Does 371 divide 105364?
True
Does 259 divide 1550672?
False
Is 3173753 a multiple of 49?
False
Is 113 a factor of 54058?
False
Is 18 a factor of 75186?
True
Is 431618 a multiple of 46?
True
Is 748449 a multiple of 20?
False
Is 431979 a multiple of 3?
True
Does 2 divide 1063?
False
Does 92 divide 287684?
True
Is 22 a factor of 87016?
False
Is 153 a factor of 236232?
True
Is 52508 a multiple of 27?
False
Does 3 divide 17228?
False
Is 65 a factor of 38491?
False
Is 12 a factor of 4110600?
True
Is 92 a factor of 28152?
True
Is 8 a factor of 920949?
False
Is 86079 a multiple of 3?
True
Is 8172828 a multiple of 18?
True
Does 183 divide 332814?
False
Is 679299 a multiple of 90?
False
Does 205 divide 390115?
True
Is 1267207 a multiple of 29?
False
Is 53149 even?
False
Does 111 divide 154401?
True
Does 16 divide 9900672?
True
Is 303 a multiple of 3?
True
Is 86787 a multiple of 12?
False
Is 227 a factor of 372734?
True
Is 296480 a multiple of 153?
False
Is 2248692 a multiple of 34?
True
Is 441 a factor of 696339?
True
Is 2330000 a multiple of 8?
True
Is 258 a factor of 367650?
True
Is 1017648 a multiple of 74?
True
Is 18 a factor of 5788956?
False
Is 95340 a multiple of 21?
True
Is 6750139 a multiple of 6?
False
Is 38 a factor of 5679404?
True
Is 730782 a multiple of 234?
True
Is 5 a factor of 578985?
True
Is 16 a factor of 2319595?
False
Does 48 divide 168576?
True
Does 206 divide 2010181?
False
Is 4053120 a multiple of 32?
True
Does 388 divide 10094984?
True
Is 35815 a multiple of 19?
True
Is 97524 a multiple of 9?
True
Does 6 divide 43581?
False
Does 6 divide 476194?
False
Does 310 divide 182996?
False
Is 1957932 a multiple of 108?
True
Does 50 divide 90287?
False
Is 15 a factor of 112290?
True
Does 2 divide 85296?
True
Does 212 divide 4701797?
False
Does 296 divide 105080?
True
Is 57 a factor of 78147?
True
Is 5 a factor of 2911?
False
Is 32 a factor of 19192288?
True
Does 897 divide 1202877?
True
Is 9551360 a multiple of 40?
True
Does 90 divide 3341937?
False
Is 1009 a factor of 3024468?
False
Does 1134 divide 8701603?
False
Is 11 a factor of 124036?
True
Does 10 divide 94229?
False
Is 6867840 a multiple of 24?
True
Does 86 divide 138558?
False
Is 226375 a multiple of 19?
False
Is 13 a multiple of 3?
False
Is 11 a factor of 618596?
True
Is 342 a factor of 81300?
False
Is 16 a factor of 379312?
True
Is 11 a factor of 322904?
False
Does 139 divide 9207638?
True
Is 34 a factor of 1766572?
True
Is 670 a factor of 1796203?
False
Is 85563 a multiple of 22?
False
Is 23 a factor of 13087483?
True
Does 44 divide 22735?
False
Is 2231816 a multiple of 9?
False
Does 1251 divide 7667379?
True
Does 248 divide 522784?
True
Is 129 a factor of 83303?
False
Does 388 divide 2185992?
True
Does 21 divide 1851696?
True
Is 658353 a multiple of 12?
False
Is 4 a factor of 1601912?
True
Is 45088 a multiple of 14?
False
Is 61150 a multiple of 25?
True
Does 1034 divide 2012164?
True
Does 31 divide 377022?
True
Does 62 divide 5737170?
True
Is 1933800 a multiple of 10?
True
Is 2638277 a multiple of 626?
False
Does 776 divide 1444136?
True
Is 1286645 even?
False
Is 2735028 a multiple of 38?
False
Is 9 a factor of 40061?
False
Is 70 a factor of 1362690?
True
Is 8553087 a multiple of 12?
False
Is 414 a factor of 1041210?
True
Is 1113 a factor of 8852998?
False
Is 4350538 a multiple of 17?
True
Is 41 a factor of 259163?
False
Is 1381516 a multiple of 47?
False
Is 797 a factor of 1157507?
False
Is 27 a factor of 115506?
True
Does 126 divide 148050?
True
Does 433 divide 2178528?
False
Is 2158853 a multiple of 11?
False
Does 169 divide 98136?
False
Is 1758615 a multiple of 37?
False
Is 17713260 a multiple of 24?
False
Does 29 divide 825224?
True
Is 2 a factor of 2430718?
True
Does 9 divide 403822?
False
Does 1235 divide 5940350?
True
Is 193 a factor of 4232490?
True
Does 88 divide 2594416?
True
Does 32 divide 4699058?
False
Is 189116 a multiple of 227?
False
Is 4966 a multiple of 3?
False
Does 28 divide 13288881?
False
Is 164 a factor of 476783?
False
Is 1135827 a multiple of 132?
False
Is 49 a factor of 1814176?
True
Is 2450872 a multiple of 127?
False
Does 15 divide 2647056?
False
Is 14575910 a multiple of 487?
True
Does 245 divide 825160?
True
Is 32 a factor of 893523?
False
Is 4 a factor of 1482687?
False
Does 10 divide 813?
False
Does 14 divide 2998114?
True
Does 15 divide 142737?
False
Is 4 a factor of 180005?
False
Does 438 divide 399098?
False
Is 29670 a multiple of 46?
True
Does 5 divide 10489167?
False
Is 11 a factor of 60533?
True
Is 14 a factor of 2645076?
True
Does 789 divide 1055426?
False
Is 2184910 a multiple of 455?
True
Is 77 a factor of 76153?
True
Does 4 divide 775736?
True
Is 128 a factor of 16392576?
True
Does 129 divide 789973?
False
Does 53 divide 7290680?
True
Does 609 divide 4669203?
True
Is 16 a factor of 2552962?
False
Does 130 divide 21866?
False
Is 36 a factor of 259559?
False
Is 13214 a multiple of 9?
False
Is 449558 a multiple of 667?
True
Is 41 a factor of 104140?
True
Is 398681 a multiple of 15?
False
Is 300 a factor of 240462?
False
Does 107 divide 20009?
True
Is 1005024 a multiple of 16?
True
Does 13 divide 189770?
False
Is 302 a factor of 10035018?
False
Is 7549 a multiple of 2?
False
Is 118 a factor of 164610?
True
Is 171672 a multiple of 23?
True
Is 419 a factor of 1775533?
False
Is 226 a factor of 164754?
True
Is 547488 a multiple of 236?
False
Is 86 a factor of 83220?
False
Does 2 divide 1928?
True
Is 161968 a multiple of 53?
True
Is 3568213 a multiple of 1289?
False
Does 155 divide 5280185?
False
Does 13 divide 176150?
True
Does 5 divide 1274330?
True
Is 514772 a multiple of 384?
False
Does 59 divide 4795174?
False
Is 59 a factor of 3844637?
False
Does 274 divide 25412130?
True
Is 27 a factor of 1060857?
True
Is 387 a factor of 3281337?
False
Does 44 divide 5987728?
False
Is 13983 a multiple of 2?
False
Does 57 divide 703093?
False
Is 292 a factor of 831616?
True
Is 13 a factor of 200154?
False
Is 812911 a multiple of 11?
True
Does 417 divide 107858?
False
Does 37 divide 29686?
False
Is 64 a factor of 2334464?
True
Is 527735 a multiple of 65?
True
Is 116 a factor of 30856?
True
Is 114 a factor of 94539?
False
Is 1335 a factor of 1028041?
False
Does 273 divide 239038?
False
Does 37 divide 39862?
False
Is 872370 a multiple of 60?
False
Is 117234 a multiple of 78?
True
Does 728 divide 3904264?
True
Is 36 a factor of 2417?
False
Does 103 divide 574260?
False
Is 819813 a multiple of 118?
False
Does 25 divide 10624288?
False
Does 30 divide 3684009?
False
Does 43 divide 1720?
True
Is 14 a factor of 923650?
True
Does 53 divide 68529?
True
Is 120 a factor of 229483?
False
Is 4 a factor of 1146?
False
Is 195790 a multiple of 110?
False
Is 163 a factor of 2219860?
False
Is 1017968 a multiple of 56?
True
Is 1005445 a multiple of 161?
True
Is 273672 a multiple of 189?
True
Is 12 a factor of 3121268?
False
Is 110 a factor of 631648?
False
Is 368 a factor of 420128?
False
Is 1955328 a multiple of 16?
True
Is 29 a factor of 19770?
False
Is 575682 a multiple of 6?
True
Does 390 divide 1474942?
False
Is